 h + 1144. Let f = -370 + w. List the prime factors of f.
2, 5
Let p = 612 + -618. What are the prime factors of ((-14)/(-28) - p/(-4)) + 236?
5, 47
Let b be (-1 + 0)/(62/(-124)). Suppose -5*j - 3*g + 3103 = 0, -5*g - 1237 = -2*j - b*g. List the prime factors of j.
2, 5, 31
Suppose -6*j = -125 + 527. Let k = -51 - j. List the prime factors of k/4*28 - -5.
3, 13
Suppose -b = 5*j - 53221, -4*j - 445*b = -443*b - 42578. What are the prime factors of j?
2, 3, 887
Let h = -8821 + 20366. List the prime factors of h.
5, 2309
Suppose 4*v = 5*z - 178, 3*v + 22 = -5*z - 94. Let p = -38 - v. Suppose -p*h = -2*g - 44, 0 = -5*h - g + 2*g + 61. List the prime factors of h.
13
Let x be ((-250)/(-175))/((-2)/(-14)). Let w be x - (1 + (-3 - -7)). Suppose 5*m + w*a - 186 = 819, -3*m + 4*a = -582. List the prime factors of m.
2, 3, 11
Suppose -y + 2*n - 38 = 0, 4*y = 4*n - 156 - 0. Let u = 40 + y. Suppose u = 4*r - 49 - 127. List the prime factors of r.
2, 11
Suppose 0 = -7*i + 47 - 54. List the prime factors of 4/12*-241*(i + -2).
241
Suppose 0 = 2*t + 2*t - 1600. Let g = t + -135. Suppose -4*z + g = z. What are the prime factors of z?
53
Let y(k) = -5*k + 33. Let z be y(7). Let a be (5 + -6)/((-110)/(-54) + z). What are the prime factors of (32 + a)*(34 - -1)?
5, 7
Suppose 13 - 9 = 4*a. Let j be 4*(-6)/24 + a*-1. List the prime factors of -1 - 1 - (-5 + j + -165).
2, 5, 17
Let b = 1862 - -183. Let y = b - 750. Suppose -113 + y = 6*z. List the prime factors of z.
197
Suppose 27224 = 3*i - 3*v + 1283, -3*v = -5*i + 43223. What are the prime factors of i?
8641
Let b = 1052 - -3298. What are the prime factors of b?
2, 3, 5, 29
Let a = -621 - -600. Let x(p) = p**3 + 24*p**2 - 23*p + 25. List the prime factors of x(a).
1831
Let h = -94 - -88. Let t(w) = -w**2 - 4*w + 16. Let b be t(h). Suppose 231 = b*m - 297. List the prime factors of m.
2, 3, 11
Let z(a) = 39*a**2 + 6*a - 7. Suppose -6*n - 1 = -25. List the prime factors of z(n).
641
Suppose -25791 = 18*v - 174291. What are the prime factors of v?
2, 3, 5, 11
Let v(h) = 28093*h + 799. List the prime factors of v(1).
2, 31, 233
Suppose 62*l = 4*r + 57*l - 108863, 0 = -3*l + 3. List the prime factors of r.
17, 1601
Let i(m) = -73*m + 16*m + 5*m**2 + 25*m + 6 + 16*m + 17*m. Suppose -3*y + 0*b - 13 = -b, -2*y - 11 = -3*b. List the prime factors of i(y).
2, 41
Let n(i) = -4063*i - 4376. What are the prime factors of n(-5)?
3, 7, 11, 23
Let m be ((-370)/111)/(5/(-18)). List the prime factors of (3668/(-35))/(1 + m/(-10)).
2, 131
Let m = 64868 - 36627. What are the prime factors of m?
31, 911
Let u(r) = -11*r**2 - 2*r - 7. Let k be u(-2). Let y = k + 49. Suppose 100 = z - y*t, -6*z - 125 = -7*z - 3*t. What are the prime factors of z?
2, 5, 11
Suppose -30*b = -23*b - 2968. Suppose -22*r + b = -20*r. List the prime factors of r.
2, 53
Suppose -5*z + 5 = -5. Suppose 0 = 5*l - 3 + 13, 2*t - z = l. Suppose t = 6*x - 5*x - 77. List the prime factors of x.
7, 11
Suppose 43 = 7*z + 57. What are the prime factors of -3 - 0 - (-468 - (0 - z))?
467
Let z(c) = 3*c + 36. Let o be z(-8). Let v be (-2 - o/(-8))*-10. Suppose 3 = -v*d - 7, 2*l - 5*d - 190 = 0. List the prime factors of l.
2, 3, 5
Let g = 1761 + -1161. Suppose 10*a = 8*a + g. Suppose 5*j = -4*y + 760, a = 2*j + 5*y - 4. List the prime factors of j.
2, 19
Let q(v) = 2075*v + 1536. List the prime factors of q(6).
2, 3, 7, 37
Let f be 3 + (-234)/(-16) - (-6)/16. Suppose 2*d - 37 = -f*r + 21*r, -d + 3*r + 20 = 0. List the prime factors of d.
17
Let r = 29 - -80. Let a = -73 + r. What are the prime factors of (234/4)/(27/a)?
2, 3, 13
Let m be (-4 + 1)/(3/(-6)). Let y be 4535/25 + m/10. Suppose -2*v = 5*v - y. What are the prime factors of v?
2, 13
Let d(m) = 381*m + 53. Let r(f) = -1145*f - 158. Let g(s) = -7*d(s) - 2*r(s). What are the prime factors of g(-5)?
2, 3, 5, 61
Suppose -4*g - 129 = 75. Let y = 51 + g. Suppose -2*n + 1 + 109 = y. List the prime factors of n.
5, 11
Suppose 0 = 2*r - 3*i + 45, 44 = -3*r + 5*i - 21. Let p = 35 + r. Suppose -4*l - 3*d = -179, p*d + 12 = -l + 61. List the prime factors of l.
2, 11
Let m be (-2)/(-10) - 9232/40*-6. Let c = m - 753. What are the prime factors of c?
2, 79
Let t(q) = q**2 - q - 38. Let w be t(-18). Let m = w - 67. What are the prime factors of m?
3, 79
Suppose 5*s + 2*h = 107563, -3*s = 34*h - 33*h - 64538. What are the prime factors of s?
3, 71, 101
Let r(y) = -4516*y + 54. What are the prime factors of r(-1)?
2, 5, 457
Let r(q) = 2*q + 11. Let a be r(-7). Let l(k) = k**2 + 3*k + 5. Let j be l(a). List the prime factors of (20/j)/(-2) + (-93)/(-1).
7, 13
List the prime factors of -6*1/2 + 2042 + -9.
2, 5, 7, 29
Let m(o) = 26*o**3 + 3*o**2 - 9. Let s be m(2). Suppose 4688 = s*k - 203*k. List the prime factors of k.
2, 293
Suppose -3*j + 5*m + 34514 = 0, 4*m - 11533 = -155*j + 154*j. What are the prime factors of j?
29, 397
Let u(v) = -623*v + 9714. What are the prime factors of u(-127)?
5, 109, 163
Let l(g) = g**3 + 4*g**2 + 5*g + 4. Let s be l(-3). Suppose 9*i - 239 + 95 = 0. List the prime factors of 972/i + 1/4 + s.
59
Let y = 7558 + -5783. What are the prime factors of y?
5, 71
Suppose -40*h + 5101 + 7869 = -135030. List the prime factors of h.
2, 5, 37
Suppose -4837 = 6*i - 32284 - 30303. List the prime factors of i.
5, 7, 11
Suppose 4*u = 2*i + 2*u - 234, -5*i = 5*u - 635. Suppose -365 = -127*y + i*y. List the prime factors of y.
73
Suppose -2*q + m = -1717, -4*q = -7*q + 4*m + 2578. Suppose -1352 - q = -13*g. What are the prime factors of g?
2, 5, 17
Suppose -5*y = 0, -3*a + y = 2*a - 2245. Suppose 0 = 2*o + 4, h + 5*o = -2*h + a. Let z = h - 34. What are the prime factors of z?
7, 17
Suppose 0 = -2*p + 5*h + 2736, -2*h + 4104 = -0*p + 3*p. Suppose -3*v - 5*v - p = 0. List the prime factors of 176/18 + (-38)/v.
2, 5
Let p = -704 + 702. Let k = 456 + p. List the prime factors of k.
2, 227
Suppose 2*x = 3*i + 352 + 87, 572 = -4*i - 4*x. Let u = i + 315. List the prime factors of u.
2, 5, 17
Suppose -5*k = 3*z - 42084, 5*k - 42087 = 328*z - 332*z. What are the prime factors of k?
3, 5, 11, 17
Suppose -o = -10*o + 27. Let w be 9/o + -5 + 111. Suppose w = d + 5*m, 5*d - 4*m - 461 = -m. List the prime factors of d.
2, 47
Suppose 5*p + 38*m - 43*m - 247360 = 0, 4*m = -p + 49447. What are the prime factors of p?
3, 11, 1499
Let z(g) = -g + 33. Let t be z(17). Suppose 27*s = t*s + 528. What are the prime factors of s?
2, 3
Let a(m) = -22*m + 6. Let w be a(-7). Let n(i) = 11*i + 153. Let p be n(-20). Let o = p + w. What are the prime factors of o?
3, 31
Suppose -f + 11*f - 16890 = 0. Let t = 2927 - f. List the prime factors of t.
2, 619
Let y be (-30)/(-4)*48/40. Suppose 3*l - 2*s - 4 = 0, s = -3*l + l - y. What are the prime factors of -3 - 1955/(-15) - l/3?
2
Let q = -146 - -149. Suppose -q*m + 2850 = 9*z - 6*z, 5*z = 5. What are the prime factors of m?
13, 73
Let m = 842 - -71. Let f = 2426 - m. What are the prime factors of f?
17, 89
Let h(d) be the first derivative of -7*d**5/30 - d**4/3 - 19*d**3/3 + 9. Let m(o) be the third derivative of h(o). List the prime factors of m(-3).
2, 19
Let f(j) = -j**3 - 66*j**2 - 142*j + 817. List the prime factors of f(-64).
3, 571
Let q(p) = 3*p + 5. Let j(o) = 7*o + 10. Let k(x) = -4*j(x) + 9*q(x). Let i be k(3). Suppose l - 2 = -l, -f + 24 = i*l. List the prime factors of f.
2, 11
Let q = 39088 + -19115. List the prime factors of q.
19973
Let u = 63286 + -30392. List the prime factors of u.
2, 16447
What are the prime factors of (33484/3)/22*48?
2, 761
Suppose -6*j - 21*z = -22*z - 460953, 0 = -2*z + 6. List the prime factors of j.
2, 107, 359
Let n = 181 + -170. Suppose -2*p + 576 = -13*m + n*m, -2*m - 288 = -p. List the prime factors of p.
2, 3
Let d be 1 + 2 + -4 - -28. Let h be ((-8)/12)/(3/d*2). Let c = h + 150. What are the prime factors of c?
3, 7
Suppose -x + 8 = -c - 0, c + 12 = -3*x. Let v be (-36)/(-10)*70/(-21)*c. Let f = v - -33. List the prime factors of f.
3, 47
Let a(c) = c**3 + 2*c**2 + c - 16. Let y be a(0). What are the prime factors of ((-370)/(-8))/(((-3)/y)/3)?
2, 5, 37
Suppose 3*k + p = -0*k + 1248, 5*p = 2*k - 832. Let l = k + -211. What are the prime factors of l?
5, 41
What are the prime factors of -28*(17 - 2)*(8 - 923/26)?
2, 3, 5, 7, 11
Let d(q) = 3*q**3